{"id":441,"date":"2020-03-18T01:24:21","date_gmt":"2020-03-18T00:24:21","guid":{"rendered":"https:\/\/acertijosparati.com\/acertijos\/?page_id=441"},"modified":"2020-05-02T00:00:50","modified_gmt":"2020-05-01T22:00:50","slug":"contacto","status":"publish","type":"page","link":"https:\/\/erickjrp.com\/acertijos\/contacto\/","title":{"rendered":"Contacto"},"content":{"rendered":"\n<p style=\"font-size:18px\">Bienvenido\/a a la secci\u00f3n de Contacto de <em>Acertijos Para Ti<\/em>.<\/p>\n\n\n\n<p style=\"font-size:18px\" class=\"margin-bottom-20\">Si deseas contactar conmigo, te dejo, a continuaci\u00f3n, un formulario para que rellenes. Tu mensaje llegar\u00e1 a mi buz\u00f3n de entrada de inmediato y lo responder\u00e9 lo m\u00e1s r\u00e1pido posible (el mismo d\u00eda, te lo aseguro).<\/p>\n\n\n\n<p style=\"font-size:18px\"> Si tienes alguna duda sobre la creaci\u00f3n de esta web, te invito a leer la secci\u00f3n <a href=\"https:\/\/erickjrp.com\/acertijos\/sobre-nosotros\/\">Sobre nosotros<\/a>. Adem\u00e1s, puedes contactar conmigo cuando quieras a trav\u00e9s de <a rel=\"noreferrer noopener\" aria-label=\" (se abre en una nueva pesta\u00f1a)\" href=\"https:\/\/twitter.com\/acertijosparati\" target=\"_blank\">Twitter <\/a>o <a rel=\"noreferrer noopener\" aria-label=\"Instagram (se abre en una nueva pesta\u00f1a)\" href=\"https:\/\/www.instagram.com\/acertijosparati\/\" target=\"_blank\">Instagram<\/a>.<\/p>\n\n\n\n<p style=\"font-size:18px\" class=\"form-good\">\n<div class=\"wpcf7 no-js\" id=\"wpcf7-f443-o1\" lang=\"es-ES\" dir=\"ltr\" data-wpcf7-id=\"443\">\n<div class=\"screen-reader-response\"><p role=\"status\" aria-live=\"polite\" aria-atomic=\"true\"><\/p> <ul><\/ul><\/div>\n<form action=\"\/acertijos\/wp-json\/wp\/v2\/pages\/441#wpcf7-f443-o1\" method=\"post\" class=\"wpcf7-form init\" aria-label=\"Formulario de contacto\" novalidate=\"novalidate\" data-status=\"init\">\n<fieldset class=\"hidden-fields-container\"><input type=\"hidden\" name=\"_wpcf7\" value=\"443\" \/><input type=\"hidden\" name=\"_wpcf7_version\" value=\"6.1.3\" \/><input type=\"hidden\" name=\"_wpcf7_locale\" value=\"es_ES\" \/><input type=\"hidden\" name=\"_wpcf7_unit_tag\" value=\"wpcf7-f443-o1\" \/><input type=\"hidden\" name=\"_wpcf7_container_post\" value=\"0\" \/><input type=\"hidden\" name=\"_wpcf7_posted_data_hash\" value=\"\" \/>\n<\/fieldset>\n<p><label> Tu nombre (obligatorio)<br \/>\n<span class=\"wpcf7-form-control-wrap\" data-name=\"your-name\"><input size=\"40\" maxlength=\"400\" class=\"wpcf7-form-control wpcf7-text wpcf7-validates-as-required\" aria-required=\"true\" aria-invalid=\"false\" value=\"\" type=\"text\" name=\"your-name\" \/><\/span> <\/label>\n<\/p>\n<p><label> Tu correo electr\u00f3nico (obligatorio)<br \/>\n<span class=\"wpcf7-form-control-wrap\" data-name=\"your-email\"><input size=\"40\" maxlength=\"400\" class=\"wpcf7-form-control wpcf7-email wpcf7-validates-as-required wpcf7-text wpcf7-validates-as-email\" aria-required=\"true\" aria-invalid=\"false\" value=\"\" type=\"email\" name=\"your-email\" \/><\/span> <\/label>\n<\/p>\n<p><label> Asunto<br \/>\n<span class=\"wpcf7-form-control-wrap\" data-name=\"your-subject\"><input size=\"40\" maxlength=\"400\" class=\"wpcf7-form-control wpcf7-text\" aria-invalid=\"false\" value=\"\" type=\"text\" name=\"your-subject\" \/><\/span> <\/label>\n<\/p>\n<p><label> Tu mensaje<br \/>\n<span class=\"wpcf7-form-control-wrap\" data-name=\"your-message\"><textarea cols=\"40\" rows=\"10\" maxlength=\"2000\" class=\"wpcf7-form-control wpcf7-textarea\" aria-invalid=\"false\" name=\"your-message\"><\/textarea><\/span> <\/label>\n<\/p>\n<p><input class=\"wpcf7-form-control wpcf7-submit has-spinner\" type=\"submit\" value=\"Enviar\" \/>\n<\/p><div class=\"wpcf7-response-output\" aria-hidden=\"true\"><\/div>\n<\/form>\n<\/div>\n<\/p>\n\n\n\n<h2 class=\"wp-block-heading\">Contribuciones<\/h2>\n\n\n\n<p style=\"font-size:18px\">Si deseas contribuir a enriquecer el contenido de <em>Acertijos Para Ti<\/em>, tu aporte ser\u00e1 recibido con gran alegr\u00eda. <\/p>\n\n\n\n<p style=\"font-size:18px\" class=\"margin-top-20\">Env\u00eda, a trav\u00e9s del formulario que se encuentra arriba, tu aporte. Y, por favor, en caso de que el contenido enviado resultase ideal para ser cargado en <em>Acertijos Para Ti<\/em>, necesitar\u00eda que me enviases los datos que deseas que aparezcan como atribuci\u00f3n.<\/p>\n\n\n\n<p style=\"font-size:18px\" class=\"margin-top-20\">A continuaci\u00f3n, un ejemplo de c\u00f3mo enviar tu contribuci\u00f3n:<\/p>\n\n\n\n<hr class=\"wp-block-separator\"\/>\n\n\n\n<p style=\"font-size:18px\" class=\"margin-top-20\"><em>\u00a1Buenas tardes!<\/em><\/p>\n\n\n\n<p style=\"font-size:18px\" class=\"margin-top-20\"><em>Me gustar\u00eda poder contribuir al contenido de Acertijos Para Ti. Env\u00edo un acertijo que encontr\u00e9 y me gusta mucho:<\/em><\/p>\n\n\n\n<p style=\"font-size:18px\" class=\"margin-top-20\"><em>\u00abUn hombre est\u00e1 paseando a su perro en direcci\u00f3n a su casa a una velocidad constante de 4 kil\u00f3metros por hora. Cuando est\u00e1n a 10 kil\u00f3metros de su casa, el hombre suelta al perro y \u00e9ste corre inmediatamente hacia su casa a 6 kil\u00f3metros por hora. En el momento en el que el perro llega a la casa, vuelve a correr a la misma velocidad hacia el hombre. Cuando lo alcanza, vuelve a dirigirse a la casa. Esto se repite hasta que el hombre llega a su casa y deja entrar al perro.<\/em><\/p>\n\n\n\n<p style=\"font-size:18px\"><em>\u00bfCu\u00e1ntos kil\u00f3metros recorre el perro desde que el hombre lo suelta hasta que entra en la casa?\u00bb<\/em><\/p>\n\n\n\n<p style=\"font-size:18px\" class=\"margin-top-20\"><em>En caso de llegar a publicar este acertijo, por favor mencionen los siguientes datos como atribuci\u00f3n:<\/em><\/p>\n\n\n\n<p style=\"font-size:18px\" class=\"margin-top-20\"><em>Nombre: Erick Ram\u00edrez<\/em><\/p>\n\n\n\n<p style=\"font-size:18px\"><em>Correo: acertijosparati@gmail.com<\/em><\/p>\n\n\n\n<p style=\"font-size:18px\"><em>Instagram: acertijosparati<\/em><\/p>\n\n\n\n<p style=\"font-size:18px\" class=\"margin-top-20\"><em>\u00a1Muchas gracias!<\/em><\/p>\n\n\n\n<hr class=\"wp-block-separator\"\/>\n\n\n\n<p style=\"font-size:18px\" class=\"form-good\">\u00a1Cuento contigo! Usa esta secci\u00f3n de <em>Contacto &#8211; Acertijos Para Ti<\/em> para juntos construir una mejor web.<\/p>\n","protected":false},"excerpt":{"rendered":"<p>Bienvenido\/a a la secci\u00f3n de Contacto de Acertijos Para Ti. Si deseas contactar conmigo, te dejo, a continuaci\u00f3n, un formulario<\/p>\n<div class=\"read-more\"><a href=\"https:\/\/erickjrp.com\/acertijos\/contacto\/\" class=\"link\">Leer m\u00e1s <i class=\"fa fa-angle-right\"><\/i><span class=\"screen-reader-text\"> \u00abContacto\u00bb<\/span><\/a><\/div>\n","protected":false},"author":1,"featured_media":925,"parent":0,"menu_order":0,"comment_status":"closed","ping_status":"closed","template":"","meta":{"_monsterinsights_skip_tracking":false,"_monsterinsights_sitenote_active":false,"_monsterinsights_sitenote_note":"","_monsterinsights_sitenote_category":0,"footnotes":""},"class_list":["post-441","page","type-page","status-publish","has-post-thumbnail","hentry"],"yoast_head":"<!-- This site is optimized with the Yoast SEO plugin v26.3 - https:\/\/yoast.com\/wordpress\/plugins\/seo\/ -->\n<title>Contacto - Acertijos Para Ti<\/title>\n<meta name=\"description\" content=\"Establece contacto con el creador de Acertijos Para Ti: Si tienes alguna duda, sugerencia, aporte, o simplemente deseas saludar, \u00a1aqu\u00ed puedes hacerlo!\" \/>\n<meta name=\"robots\" content=\"index, follow, max-snippet:-1, max-image-preview:large, max-video-preview:-1\" \/>\n<link rel=\"canonical\" href=\"https:\/\/erickjrp.com\/acertijos\/contacto\/\" \/>\n<meta property=\"og:locale\" content=\"es_ES\" \/>\n<meta property=\"og:type\" content=\"article\" \/>\n<meta property=\"og:title\" content=\"Contacto - Acertijos Para Ti\" \/>\n<meta property=\"og:description\" content=\"Establece contacto con el creador de Acertijos Para Ti: Si tienes alguna duda, sugerencia, aporte, o simplemente deseas saludar, \u00a1aqu\u00ed puedes hacerlo!\" \/>\n<meta property=\"og:url\" content=\"https:\/\/erickjrp.com\/acertijos\/contacto\/\" \/>\n<meta property=\"og:site_name\" content=\"Acertijos Para Ti\" \/>\n<meta property=\"article:publisher\" content=\"https:\/\/www.facebook.com\/acertijos.parati\" \/>\n<meta property=\"article:modified_time\" content=\"2020-05-01T22:00:50+00:00\" \/>\n<meta property=\"og:image\" content=\"https:\/\/erickjrp.com\/acertijos\/wp-content\/uploads\/2020\/05\/contacto.jpeg\" \/>\n\t<meta property=\"og:image:width\" content=\"720\" \/>\n\t<meta property=\"og:image:height\" content=\"480\" \/>\n\t<meta property=\"og:image:type\" content=\"image\/jpeg\" \/>\n<meta name=\"twitter:card\" content=\"summary_large_image\" \/>\n<meta name=\"twitter:site\" content=\"@acertijosparati\" \/>\n<meta name=\"twitter:label1\" content=\"Tiempo de lectura\" \/>\n\t<meta name=\"twitter:data1\" content=\"2 minutos\" \/>\n<script type=\"application\/ld+json\" class=\"yoast-schema-graph\">{\"@context\":\"https:\/\/schema.org\",\"@graph\":[{\"@type\":\"WebPage\",\"@id\":\"https:\/\/erickjrp.com\/acertijos\/contacto\/\",\"url\":\"https:\/\/erickjrp.com\/acertijos\/contacto\/\",\"name\":\"Contacto - Acertijos Para Ti\",\"isPartOf\":{\"@id\":\"https:\/\/erickjrp.com\/acertijos\/#website\"},\"primaryImageOfPage\":{\"@id\":\"https:\/\/erickjrp.com\/acertijos\/contacto\/#primaryimage\"},\"image\":{\"@id\":\"https:\/\/erickjrp.com\/acertijos\/contacto\/#primaryimage\"},\"thumbnailUrl\":\"https:\/\/erickjrp.com\/acertijos\/wp-content\/uploads\/2020\/05\/contacto.jpeg\",\"datePublished\":\"2020-03-18T00:24:21+00:00\",\"dateModified\":\"2020-05-01T22:00:50+00:00\",\"description\":\"Establece contacto con el creador de Acertijos Para Ti: Si tienes alguna duda, sugerencia, aporte, o simplemente deseas saludar, \u00a1aqu\u00ed puedes hacerlo!\",\"breadcrumb\":{\"@id\":\"https:\/\/erickjrp.com\/acertijos\/contacto\/#breadcrumb\"},\"inLanguage\":\"es\",\"potentialAction\":[{\"@type\":\"ReadAction\",\"target\":[\"https:\/\/erickjrp.com\/acertijos\/contacto\/\"]}]},{\"@type\":\"ImageObject\",\"inLanguage\":\"es\",\"@id\":\"https:\/\/erickjrp.com\/acertijos\/contacto\/#primaryimage\",\"url\":\"https:\/\/erickjrp.com\/acertijos\/wp-content\/uploads\/2020\/05\/contacto.jpeg\",\"contentUrl\":\"https:\/\/erickjrp.com\/acertijos\/wp-content\/uploads\/2020\/05\/contacto.jpeg\",\"width\":720,\"height\":480,\"caption\":\"Contacto - Acertijos Para Ti\"},{\"@type\":\"BreadcrumbList\",\"@id\":\"https:\/\/erickjrp.com\/acertijos\/contacto\/#breadcrumb\",\"itemListElement\":[{\"@type\":\"ListItem\",\"position\":1,\"name\":\"Portada\",\"item\":\"https:\/\/erickjrp.com\/acertijos\/\"},{\"@type\":\"ListItem\",\"position\":2,\"name\":\"Contacto\"}]},{\"@type\":\"WebSite\",\"@id\":\"https:\/\/erickjrp.com\/acertijos\/#website\",\"url\":\"https:\/\/erickjrp.com\/acertijos\/\",\"name\":\"Acertijos Para Ti\",\"description\":\"\u00a1Para tu entretenimiento! Acertijos (con soluciones) cortos y divertidos que estimulan el pensamiento.\",\"publisher\":{\"@id\":\"https:\/\/erickjrp.com\/acertijos\/#organization\"},\"potentialAction\":[{\"@type\":\"SearchAction\",\"target\":{\"@type\":\"EntryPoint\",\"urlTemplate\":\"https:\/\/erickjrp.com\/acertijos\/?s={search_term_string}\"},\"query-input\":{\"@type\":\"PropertyValueSpecification\",\"valueRequired\":true,\"valueName\":\"search_term_string\"}}],\"inLanguage\":\"es\"},{\"@type\":\"Organization\",\"@id\":\"https:\/\/erickjrp.com\/acertijos\/#organization\",\"name\":\"Acertijos Para Ti\",\"url\":\"https:\/\/erickjrp.com\/acertijos\/\",\"logo\":{\"@type\":\"ImageObject\",\"inLanguage\":\"es\",\"@id\":\"https:\/\/erickjrp.com\/acertijos\/#\/schema\/logo\/image\/\",\"url\":\"https:\/\/erickjrp.com\/acertijos\/wp-content\/uploads\/2020\/06\/favicon.jpeg\",\"contentUrl\":\"https:\/\/erickjrp.com\/acertijos\/wp-content\/uploads\/2020\/06\/favicon.jpeg\",\"width\":512,\"height\":512,\"caption\":\"Acertijos Para Ti\"},\"image\":{\"@id\":\"https:\/\/erickjrp.com\/acertijos\/#\/schema\/logo\/image\/\"},\"sameAs\":[\"https:\/\/www.facebook.com\/acertijos.parati\",\"https:\/\/x.com\/acertijosparati\",\"https:\/\/www.instagram.com\/acertijosparati\/\"]}]}<\/script>\n<!-- \/ Yoast SEO plugin. -->","yoast_head_json":{"title":"Contacto - Acertijos Para Ti","description":"Establece contacto con el creador de Acertijos Para Ti: Si tienes alguna duda, sugerencia, aporte, o simplemente deseas saludar, \u00a1aqu\u00ed puedes hacerlo!","robots":{"index":"index","follow":"follow","max-snippet":"max-snippet:-1","max-image-preview":"max-image-preview:large","max-video-preview":"max-video-preview:-1"},"canonical":"https:\/\/erickjrp.com\/acertijos\/contacto\/","og_locale":"es_ES","og_type":"article","og_title":"Contacto - Acertijos Para Ti","og_description":"Establece contacto con el creador de Acertijos Para Ti: Si tienes alguna duda, sugerencia, aporte, o simplemente deseas saludar, \u00a1aqu\u00ed puedes hacerlo!","og_url":"https:\/\/erickjrp.com\/acertijos\/contacto\/","og_site_name":"Acertijos Para Ti","article_publisher":"https:\/\/www.facebook.com\/acertijos.parati","article_modified_time":"2020-05-01T22:00:50+00:00","og_image":[{"width":720,"height":480,"url":"https:\/\/erickjrp.com\/acertijos\/wp-content\/uploads\/2020\/05\/contacto.jpeg","type":"image\/jpeg"}],"twitter_card":"summary_large_image","twitter_site":"@acertijosparati","twitter_misc":{"Tiempo de lectura":"2 minutos"},"schema":{"@context":"https:\/\/schema.org","@graph":[{"@type":"WebPage","@id":"https:\/\/erickjrp.com\/acertijos\/contacto\/","url":"https:\/\/erickjrp.com\/acertijos\/contacto\/","name":"Contacto - Acertijos Para Ti","isPartOf":{"@id":"https:\/\/erickjrp.com\/acertijos\/#website"},"primaryImageOfPage":{"@id":"https:\/\/erickjrp.com\/acertijos\/contacto\/#primaryimage"},"image":{"@id":"https:\/\/erickjrp.com\/acertijos\/contacto\/#primaryimage"},"thumbnailUrl":"https:\/\/erickjrp.com\/acertijos\/wp-content\/uploads\/2020\/05\/contacto.jpeg","datePublished":"2020-03-18T00:24:21+00:00","dateModified":"2020-05-01T22:00:50+00:00","description":"Establece contacto con el creador de Acertijos Para Ti: Si tienes alguna duda, sugerencia, aporte, o simplemente deseas saludar, \u00a1aqu\u00ed puedes hacerlo!","breadcrumb":{"@id":"https:\/\/erickjrp.com\/acertijos\/contacto\/#breadcrumb"},"inLanguage":"es","potentialAction":[{"@type":"ReadAction","target":["https:\/\/erickjrp.com\/acertijos\/contacto\/"]}]},{"@type":"ImageObject","inLanguage":"es","@id":"https:\/\/erickjrp.com\/acertijos\/contacto\/#primaryimage","url":"https:\/\/erickjrp.com\/acertijos\/wp-content\/uploads\/2020\/05\/contacto.jpeg","contentUrl":"https:\/\/erickjrp.com\/acertijos\/wp-content\/uploads\/2020\/05\/contacto.jpeg","width":720,"height":480,"caption":"Contacto - Acertijos Para Ti"},{"@type":"BreadcrumbList","@id":"https:\/\/erickjrp.com\/acertijos\/contacto\/#breadcrumb","itemListElement":[{"@type":"ListItem","position":1,"name":"Portada","item":"https:\/\/erickjrp.com\/acertijos\/"},{"@type":"ListItem","position":2,"name":"Contacto"}]},{"@type":"WebSite","@id":"https:\/\/erickjrp.com\/acertijos\/#website","url":"https:\/\/erickjrp.com\/acertijos\/","name":"Acertijos Para Ti","description":"\u00a1Para tu entretenimiento! Acertijos (con soluciones) cortos y divertidos que estimulan el pensamiento.","publisher":{"@id":"https:\/\/erickjrp.com\/acertijos\/#organization"},"potentialAction":[{"@type":"SearchAction","target":{"@type":"EntryPoint","urlTemplate":"https:\/\/erickjrp.com\/acertijos\/?s={search_term_string}"},"query-input":{"@type":"PropertyValueSpecification","valueRequired":true,"valueName":"search_term_string"}}],"inLanguage":"es"},{"@type":"Organization","@id":"https:\/\/erickjrp.com\/acertijos\/#organization","name":"Acertijos Para Ti","url":"https:\/\/erickjrp.com\/acertijos\/","logo":{"@type":"ImageObject","inLanguage":"es","@id":"https:\/\/erickjrp.com\/acertijos\/#\/schema\/logo\/image\/","url":"https:\/\/erickjrp.com\/acertijos\/wp-content\/uploads\/2020\/06\/favicon.jpeg","contentUrl":"https:\/\/erickjrp.com\/acertijos\/wp-content\/uploads\/2020\/06\/favicon.jpeg","width":512,"height":512,"caption":"Acertijos Para Ti"},"image":{"@id":"https:\/\/erickjrp.com\/acertijos\/#\/schema\/logo\/image\/"},"sameAs":["https:\/\/www.facebook.com\/acertijos.parati","https:\/\/x.com\/acertijosparati","https:\/\/www.instagram.com\/acertijosparati\/"]}]}},"_links":{"self":[{"href":"https:\/\/erickjrp.com\/acertijos\/wp-json\/wp\/v2\/pages\/441","targetHints":{"allow":["GET"]}}],"collection":[{"href":"https:\/\/erickjrp.com\/acertijos\/wp-json\/wp\/v2\/pages"}],"about":[{"href":"https:\/\/erickjrp.com\/acertijos\/wp-json\/wp\/v2\/types\/page"}],"author":[{"embeddable":true,"href":"https:\/\/erickjrp.com\/acertijos\/wp-json\/wp\/v2\/users\/1"}],"replies":[{"embeddable":true,"href":"https:\/\/erickjrp.com\/acertijos\/wp-json\/wp\/v2\/comments?post=441"}],"version-history":[{"count":0,"href":"https:\/\/erickjrp.com\/acertijos\/wp-json\/wp\/v2\/pages\/441\/revisions"}],"wp:featuredmedia":[{"embeddable":true,"href":"https:\/\/erickjrp.com\/acertijos\/wp-json\/wp\/v2\/media\/925"}],"wp:attachment":[{"href":"https:\/\/erickjrp.com\/acertijos\/wp-json\/wp\/v2\/media?parent=441"}],"curies":[{"name":"wp","href":"https:\/\/api.w.org\/{rel}","templated":true}]}}